is the value of -1 + -1 + -1 + 47 + (-71 - -33)?
6
Evaluate -12 - ((16 - (4 - -26)) + -12).
14
Calculate -22 + 34 + -2 - (3 + 3) - -32.
36
Calculate -60 + -94 + (185 - 106).
-75
Evaluate -1 + 1 - -112 - (-46 - (41 + -55 + -44)).
100
(-32 - -213 - 87) + 2 + 34
130
Evaluate -2 - -4 - (-6 + 10) - (-142 - -154) - -122.
108
What is 2 + (-1 - -4) + -6 + 12 - -7?
18
What is -3 + (21 - (-9 + 10)) + -13?
4
(-15 - (35 - 8)) + (11 - 5) + -15
-51
What is 27 - (98 - 146) - 24?
51
(-22 + -39 - -58) + (-6 - 0) + -15
-24
What is the value of 7 + -30 + (-3 + 0 + 8 - -9) - -83?
74
Calculate 24 - (-11 + 35 + (-57 - -26)).
31
What is the value of 46 - 206 - -142 - 42?
-60
What is -67 + (72 - -3) + (-439 - -397)?
-34
Calculate -1 + -51 - (161 + 1 + -197).
-17
What is -83 + 140 + -92 + 76?
41
What is the value of (5 + 23 + (-54 - -13) - -3) + 93?
83
Calculate 117 + (89 - 206) + 0 + 26.
26
45 + 1 - (35 - 24 - (1 + 6))
42
What is the value of -24 - (-97 - -55) - 24?
-6
Calculate -1 + 24 + (-1582 - -1585) + 31.
57
-5285 - -5306 - (-2 - -2 - -45)
-24
What is the value of 235 + -177 + (4 - 68)?
-6
-26 - (9 - (26 - (65 - 21)))
-53
Evaluate -19 - -33 - 11 - 139 - -9 - 15.
-142
Evaluate 0 + (-3 - 0) + (-146 + 134 - (-1 - -32)).
-46
Evaluate (-16 - 1) + -1 + (-11 + -6 - -4).
-31
What is (2 - (-21 + -18)) + (14 + -16 - 0)?
39
Calculate -12 - (1 + 14 + (-15 + 31 - 11)).
-32
Evaluate 10 + -31 + 17 + 29 - -19.
44
What is 21 + -27 + 23 + -5?
12
Evaluate 8 + 0 + -21 + 15 - -15 - 43.
-26
What is 90 + -120 + -49 + 3?
-76
Evaluate 101 + -75 - (109 - (2 - -2)).
-79
47 + -44 + 31 + -8
26
What is -65 - (13 + (18 + -32 - 6) + 21)?
-79
-7 + 16 + 1 - -4 - 69
-55
What is the value of -26673 + 26621 - (44 + 1)?
-97
Evaluate -37 + (57 - -49) - -5.
74
Evaluate 23 + (-7 + 14 - -3 - (-72 - -70)).
35
(-3 + 5 - (-31 - -14 - -16)) + -20
-17
Evaluate -9 + (-6 - (-62 + (3 - -4) + 11 + -5)).
34
50 + -4 - (-6 + -44 + 68)
28
What is -88 + 14 + 140 - 32?
34
Evaluate -17 - (26 + (56 - 46)).
-53
Calculate -10 + -47 + -3 + 13 - (-14 - -3 - -4).
-40
What is the value of -8 + (35 - 45 - (-3 + 10 + 4 - 1))?
-28
Calculate 15 + 0 - ((154 - 98) + -14).
-27
Evaluate 76 - (63 - 68) - 40.
41
What is the value of -8 + 1 - (-3 - (-29 - -16) - 16 - -47)?
-48
-3 + (31 - (-18 - -64)) + (12 - -1)
-5
Evaluate -2 + 63 - (10610 + -10663).
114
Calculate (7 - 35 - -36) + (-3 - 39).
-34
What is the value of (-13 - (-36 + 13 + 4) - 4) + -8?
-6
Calculate -119 + 101 + -2 + 4 + 0.
-16
Evaluate 18 + -34 + 14 - -25 - 1.
22
What is the value of -9 + 12 + 5 + -18 + 44?
34
Evaluate 0 - 3 - ((105 - (2 + -9)) + (-18 - 1)).
-96
What is -100 + 88 + (18 - (24 + 109))?
-127
Evaluate 31 + 39 + -64 + -10.
-4
Calculate (4 - 102) + (-18 - -23 - -3).
-90
Evaluate 1 - (-19 + (-35 - -74) + 24).
-43
Evaluate 1 + 34 + -13 - 49.
-27
(-69 + 63 - (-17 - 0)) + -48 + -9 + 2
-44
What is the value of -17 + (-30 - 0 - -29)?
-18
Evaluate (-11 - -34) + 1 + -157 + (60 - 35).
-108
What is (-23 - -1 - (149 + -165) - -25) + -125?
-106
(65 - 66) + (-16 - 0) + 13 + -1
-5
Evaluate (-27 - (10 - 20)) + 86 + -101.
-32
Calculate -20 - (48 + 21 + -60 + 18).
-47
Calculate (15 - 12) + -5 - (4 + -8 - -44).
-42
-6 - (0 + -7 + (-5 + -8 - -15))
-1
Evaluate -47 + (-32 + -1 + 0 - (-6880 + 6863)).
-63
Calculate 0 + 24 + (5 - -1) + (-19 - (-10 - 7)).
28
Evaluate 9 + (8 - 13) + -22.
-18
Calculate 2 - -18 - (1 - ((-42 - 16) + 12)).
-27
-40 + -204 - (-161 - -2)
-85
What is 0 - (-17 - 10 - 2) - -21?
50
What is the value of 0 - 134 - (35 - -11 - (-33 - -71))?
-142
What is -9 + (-6 - (-60 + 20))?
25
What is the value of 34 - -1 - 50 - -47?
32
Evaluate 7 + (14 - 25 - 49).
-53
Calculate (6 - (-135 - -31)) + -67.
43
Evaluate (1653 - 1681) + (-34 - 2).
-64
What is the value of -27 - (-17 - (-7 + 6) - -85)?
-96
What is -12 - (-33 + 50 - (2 + 13)) - -113?
99
What is the value of -4 - (-197 - -202 - (19 - -1)) - 40?
-29
Calculate -2 - (-16 + -1 - 9) - (-2 + 1).
25
What is (-2 + 24 - (-37 - -57)) + (3 + 4 - 1)?
8
(10 - (15 + -9 - 5)) + (-6 - (-20 + 6))
17
What is (-13 - 3) + -41 - -47?
-10
-19 + (28 - (26 + -16)) + 4 + -100
-97
19 - (31 - 64 - -50)
2
Evaluate -17 + (-109 - (-172 + 43)).
3
What is the value of (-58 - (-15 - (1 + 0 + -11))) + (1 - 2)?
-54
What is the value of 61 + 71 + (-44 - 70)?
18
-14 + -55 - -34 - -43
8
5 - 49 - (5 + (26 - 15 - 28))
-32
What is the value of -5 + -3 + (-930 - -999)?
61
What is -79 + 1 + 13 + -13 + 13?
-65
What is the value of -22 - (-33 + 55 - 13)?
-31
Calculate (12 - -1) + 35 + -127 + 31 + -2.
-50
Evaluate 2564 - 2469 - (-3 - -149).
-51
Evaluate (14 - 9 - 24 - -15) + -6.
-10
(23 - (-21 + 52) - 1) + (-53 - 1)
-63
What is (66 - 2) + -1782 + 1796?
78
-107 - (-7 - (156 - 22))
34
61 - ((-6 - -36 - (-21 + 41)) + -13)
64
What is (28 + -18 + -18 - 16) + -19?
-43
-81 - ((-67 - (26 + -41)) + 39)
-68
What is the value of 0 + 23 - (63 + -51) - (2 - 24)?
33
What is -5 + 14 + -13 - -100 - (-3 - 2)?
101
6 + (9 + -13 - (3 - 1)) + (70 - 85)
-15
(8 - -1) + 0 + -53 + 31 + (1 - -4)
-8
What is -48 + -8 + (333 - 293)?
-16
Calculate (-145 - -140) + (9 - -1) + (-22 - -11).
-6
Evaluate -5 - -12 - (-8 - (-11 + -2 + 15 + -5)).
12
What is the value of 14 + 2 - ((17 - 26) + -19)?
44
Calculate 38 + 2 + -11 + (-143 - -148).
34
(9 - 46) + (139 - 110)
-8
Evaluate 0 - ((14 - 9) + 19).
-24
What is the value of -115 + (-31 - -49) - -22?
-75
What is (-1 - 10) + 0 - (57 - 84 - 0)?
16
Evaluate (-46 + 73 - -38) + -28.
37
Evaluate -45 - (-8 + 27 + -7 - (9 - -9)).
-39
Calculate -7 + (22 - (1 - -1)) + (36 - -9).
58
Calculate 146 + -208 - (-4 - 19).
-39
What is -90 - ((-38 - -26) + (3 - (-21 - -12)))?
-90
Calculate 26 + 10 + -19 - 18.
-1
What is the value of 36 - (19 - -9) - (4 + 6)?
-2
Evaluate -22 + -20 + (51 - -13) - 33.
-11
Evaluate 196 - 12 - (316 + -240).
108
10 - -2 - (6 + 1 + (24 - 42) + 14)
9
What is (0 + -1 - -56) + -25 + 25 + -1 + 10?
64
What is 77 + (-92 + -4 - -32)?
13
What is 10 + -70 + -2 + (-3 + -33 - -25 - -11)?
-62
1 + -8 + (27 - (-3 + 18))
5
-4 - 83 - (-52 + -12 + 44)
-67
What is the value of -3 + (0 - (-1 - 8)) + (-13 - (-51 - -41))?
3
Calculate -1 - 19 - (128 + -8 - 111).
-29
Evaluate 139 + (-344 + 126 - -33).
-46
-14 + (4 - -9) + (-5 - 6) - 6
-18
(6 - -20 - 6) + -9 - 31
-20
Calculate -50 + -45 + 141 + -40.
6
Calculate -127 - (45 + (51 - 233)).
10
What is (-17 - (-1 - -4)) + -228 + 244 + 45?
41
-8 + -6 + 12 + 7 + -7 + 1 + 51
50
What is the value of 35 - (-27 + (-5 - -66) + -26)?
27
What is (-106 - -11) + (24 - 41 - -26)?
-86
Calculate (-59 + 110 - -3) + -84.
-30
What is -15 + -32 + (32 - -6) + (35 + -2 - -1)?
25
Calculate -170 - 1 - (1569 + -1698).
-42
What is the value of 10 - (10 - (13 - 12 - -18 - -6))?
25
What is -157 + (78 - (70 - 39)) - (-2 - 1)?
-107
Calculate (29 - 20) + (228 - 222) + (0 - 101).
-86
Evaluate 167 + -102 - (88 + -6).
-17
What is 15 + (30 - 27) - -34?
52
Calculate -3 + -11 + -208 + 188.
-34
9 + -18 + 3 - ((6 - -9) + -15)
-6
Calculate (-45 + (-45 - -99) - (-2 + 0 - -4)) + -55.
-48
What is the value of (-33 - (-38 - -14)) + -5 + 90?
76
Calculate -107 + 22 + (85 - 37).
-37
What is the value of 16 + -5 + 3 + (5 - (14 + (3 - 12)))?
14
Calculate -6086 + 6145 - (94 + 1).
-36
What is -421 + 443 + 6 + -2 + -2 + 1?
25
What is 95 + -180 + 63 + -11?
-33
Evaluate -25 + -18 + (-10 - -21).
-32
What is 20 - ((113 - 15) + -43 + 16)?
-51
Evaluate -2 + (-42 - 0) - (20 + (-18 - (3 - 11))).
-54
What is -101 - -32 - (373 - 314)?
-128
What is -15 - (1 - (12 - 39))?
-43
Evaluate -48 - -19 - (-46 + 3).
14
What is -37 + 113 - 150 - (2 + -27)?
-49
What is the value of -2 + 3 + -6 + 16 + 69 + -23 + 8?
65
Calculate 11 - (15 - -2 - (112 + (9 - 32))).
83
What is the value of -4 - 3 - (-7 - 22 - -7)?
15
-28 - ((38 - 10) + 7) - 6
-69
Evaluate (51 - (-20 - 27)) + -9 + -2 + -2 + 5.
90
(15 + -31 - -13 - (0 - 8)) + -22 + 6
-11
Calculate 4501 - 4468 - (11 - 1).
23
What is 3 - (-28 - (-7 - -13)) - (-7 + 14)?
30
1 - (-7 + (10 - (-81 - ((-4 - 1) + 7))))
-85
What is the value of 4 - (1 - (140 + -1)) - (59 - 48)?
131
(-50 - 1 - -3 - -1) + -10 + -61 + 66
-52
What is (-9 - 14) + -16 + 7 + 14 + (4 - 7)?
-21
25 + (38 - (-25 - -61) - (1 - -105))
-79
What is -13 + 1 + (-106 - -110) + -29?
-37
Evaluate -10 + (12 + -19 - (0 - 3)) - -71.
57
Evaluate (-18 - -18 - (-8 - -4) - (8 + 1)) + 46.
41
55 + 62 + -33 -